ultiple of 3884?
True
Is 8604 a factor of 1002503664?
True
Is 158727360 a multiple of 16?
True
Is 634 a factor of 34714036?
True
Does 118 divide 5753326?
True
Is 60 a factor of 57601771?
False
Is 116914738 a multiple of 193?
False
Is 321 a factor of 129170721?
True
Is 6 a factor of 36280620?
True
Is 81661368 a multiple of 6?
True
Is 4033 a factor of 69407930?
True
Does 1087 divide 31867579?
True
Does 17 divide 153777546?
True
Is 37 a factor of 29390152?
False
Is 1463 a factor of 53610172?
True
Is 5 a factor of 1060053845?
True
Does 45 divide 21135384?
False
Does 11 divide 4745946?
False
Does 273 divide 6296487?
False
Does 42 divide 17363304?
True
Is 1396 a factor of 1161440898?
False
Is 1439755052 a multiple of 36?
False
Is 83 a factor of 233752512?
False
Is 4970804 a multiple of 8?
False
Is 45 a factor of 222708746?
False
Does 462 divide 43004459?
False
Does 259 divide 4425828330?
False
Is 759 a factor of 28906515?
True
Does 38 divide 347044082?
True
Does 188 divide 13011668?
True
Is 76 a factor of 40322636?
True
Does 237 divide 74539274?
False
Does 3216 divide 158416944?
True
Does 84 divide 136008768?
True
Is 11361412 a multiple of 200?
False
Is 17616246 a multiple of 31?
True
Is 964 a factor of 239149931?
False
Is 14296963 a multiple of 728?
False
Is 28 a factor of 6102138?
False
Does 1618 divide 1314282421?
False
Is 2306 a factor of 232237260?
True
Is 34743602 a multiple of 2606?
False
Is 153 a factor of 9488295?
True
Is 75703291 a multiple of 1512?
False
Does 418 divide 2787378232?
False
Is 265 a factor of 284412840?
True
Is 845148488 a multiple of 428?
True
Does 9 divide 183672954?
True
Does 1002 divide 39020933?
False
Does 62 divide 839352855?
False
Does 3243 divide 264145593?
True
Is 172833826 a multiple of 646?
False
Does 274 divide 326141926?
True
Does 343 divide 59156888?
False
Is 399 a factor of 128634009?
True
Does 862 divide 67048946?
True
Is 161 a factor of 963552316?
False
Does 152 divide 1191274963?
False
Is 277 a factor of 58924271?
True
Does 2 divide 6070035?
False
Is 981795550 a multiple of 3034?
False
Does 169 divide 39727675?
True
Is 8182529 a multiple of 12?
False
Does 91 divide 138074140?
False
Does 3362 divide 312400402?
True
Is 47 a factor of 200882393?
False
Does 431 divide 65656040?
False
Does 13 divide 8733907?
True
Is 4 a factor of 1323121956?
True
Is 97 a factor of 25079350?
True
Does 88 divide 9627816?
True
Does 50 divide 839600?
True
Is 12517313 a multiple of 143?
False
Is 21 a factor of 8413860?
True
Does 3 divide 87396640?
False
Does 10 divide 92084310?
True
Is 67 a factor of 20565516?
True
Is 30037898 a multiple of 19?
True
Does 94 divide 296400894?
True
Is 2346186 a multiple of 1391?
False
Is 92262734 a multiple of 12?
False
Is 9 a factor of 8847885?
False
Does 119 divide 120265862?
False
Does 15 divide 11411940?
True
Does 1746 divide 1069830072?
True
Does 4 divide 12389741?
False
Does 354 divide 486472818?
True
Does 5166 divide 477873101?
False
Is 24 a factor of 53767619?
False
Is 1275 a factor of 5743875?
True
Is 6934906 a multiple of 65?
False
Is 157 a factor of 173394055?
False
Is 1642 a factor of 975044744?
False
Is 182 a factor of 1003657382?
True
Is 79876651 a multiple of 4339?
True
Is 21 a factor of 240079791?
True
Is 1752378050 a multiple of 85?
False
Is 54644315 a multiple of 15?
False
Is 6 a factor of 11643078?
True
Does 57 divide 22716426?
False
Is 1094 a factor of 1525989562?
False
Is 215 a factor of 1244620027?
False
Does 12 divide 3828409596?
True
Is 232 a factor of 424771851?
False
Does 137 divide 2667229?
False
Is 7421796 a multiple of 87?
True
Is 15 a factor of 1759663249?
False
Is 2075 a factor of 91481977?
False
Does 10 divide 572220840?
True
Does 304 divide 1407633392?
True
Is 17 a factor of 54642658?
True
Does 136 divide 65808486?
False
Does 129 divide 3475268?
False
Is 20 a factor of 3267978376?
False
Is 288 a factor of 11107503?
False
Does 373 divide 20052307?
False
Does 519 divide 167341170?
True
Does 16 divide 6520510?
False
Is 51 a factor of 896721608?
False
Is 148005830 a multiple of 24?
False
Does 39 divide 206955138?
True
Is 41 a factor of 39702554?
False
Is 54997410 a multiple of 1209?
True
Is 94 a factor of 801628240?
True
Does 1022 divide 615170416?
True
Is 216 a factor of 759405930?
False
Is 1143 a factor of 18365724?
True
Does 830 divide 56702280?
True
Is 587359312 a multiple of 74?
True
Is 1397100 a multiple of 20?
True
Does 5 divide 20918326?
False
Is 16167418 a multiple of 12?
False
Is 684441724 a multiple of 4440?
False
Is 746445969 a multiple of 724?
False
Is 21826886 a multiple of 2377?
False
Is 49988277 a multiple of 501?
True
Does 448 divide 48377426?
False
Is 2416 a factor of 100819680?
True
Is 483767604 a multiple of 334?
True
Is 171607804 a multiple of 3?
False
Does 5 divide 17488787?
False
Is 4052805101 a multiple of 37?
True
Is 17 a factor of 11868203?
False
Is 811018212 a multiple of 116?
False
Is 4114 a factor of 391677504?
False
Does 27 divide 7206678?
True
Is 13 a factor of 6431269?
True
Is 1124112080 a multiple of 52?
True
Does 1654 divide 21833418?
False
Is 7324950 a multiple of 150?
True
Is 233319995 a multiple of 432?
False
Is 12 a factor of 888178044?
True
Does 5 divide 116232525?
True
Is 8 a factor of 16931368?
True
Is 3715456 a multiple of 64?
True
Is 17 a factor of 173538991?
False
Does 329 divide 51586515?
False
Is 4 a factor of 1023002206?
False
Does 24 divide 11396304?
True
Is 77 a factor of 14616699?
False
Does 1609 divide 3389630421?
True
Is 522013511 a multiple of 116?
False
Is 708494426 a multiple of 74?
True
Does 102 divide 101983032?
False
Is 4093987461 a multiple of 44?
False
Does 42 divide 1336388743?
False
Is 118 a factor of 30414146?
True
Does 815 divide 13757158?
False
Is 1523891 a multiple of 18?
False
Is 1625 a factor of 170977625?
True
Does 7 divide 43661268?
True
Is 5739 a factor of 3191021736?
True
Is 2664 a factor of 329815199?
False
Is 22 a factor of 373649098?
False
Is 5880 a factor of 38275978?
False
Is 1404 a factor of 28098252?
True
Does 15 divide 116369332?
False
Does 330 divide 114852870?
True
Does 36 divide 1911727?
False
Is 2702911596 a multiple of 44?
True
Is 1678 a factor of 396430856?
True
Is 531 a factor of 8878229?
False
Is 4110 a factor of 2024658713?
False
Is 508 a factor of 246916448?
True
Is 30 a factor of 11634270?
True
Is 12 a factor of 304975092?
True
Is 4820649601 a multiple of 14317?
False
Is 22 a factor of 999212302?
True
Is 1283 a factor of 270162593?
True
Is 6768 a factor of 1562298048?
True
Is 263805242 a multiple of 6?
False
Is 25 a factor of 3771674362?
False
Is 450 a factor of 48300436?
False
Is 25 a factor of 266525759?
False
Is 2916510788 a multiple of 556?
True
Is 907986477 a multiple of 7254?
False
Does 36 divide 637142774?
False
Is 101 a factor of 9531767?
False
Does 5 divide 5732388?
False
Is 12744813 a multiple of 18?
False
Is 14506951 a multiple of 23?
True
Is 440 a factor of 1382626391?
False
Is 2660364 a multiple of 189?
True
Is 7076808198 a multiple of 383?
True
Does 281 divide 1489035952?
False
Does 2401 divide 1504261250?
False
Is 172620567 a multiple of 289?
True
Is 715 a factor of 1501726655?
True
Is 90878244 a multiple of 69?
True
Is 527 a factor of 4711631906?
True
Is 178 a factor of 22855912?
True
Is 609 a factor of 215998663?
False
Does 20 divide 70612531?
False
Is 7424754 a multiple of 426?
True
Does 383 divide 7952612?
True
Is 451377984 a multiple of 234?
False
Is 74785900 a multiple of 25?
True
Does 11 divide 39928185?
True
Is 181 a factor of 23903115?
False
Is 452 a factor of 49225964?
True
Does 244 divide 922587413?
False
Does 438 divide 596512200?
True
Does 2965 divide 1252626515?
True
Is 97327691 a multiple of 230?
False
Is 16 a factor of 56136960?
True
Is 820 a factor of 78986798?
False
Is 612 a factor of 45693144?
True
Does 33 divide 14099679?
True
Is 39082352 a multiple of 12?
False
Does 133 divide 25831925?
True
Is 524 a factor of 43963600?
True
Does 6 divide 154111866?
True
Is 470412215 a multiple of 1845?
False
Is 172 a factor of 908037020?
True
Is 33876153 a multiple of 2007?
True
Is 44 a factor of 125963728?
True
Is 45490637 a multiple of 208?
False
Is 27 a factor of 2627629052?
False
Is 10734890 a multiple of 1285?
True
Is 85872024 a multiple of 42?
True
Does 